Suppose 0 = -5*f - 2*j + 90, f = -0*j + 4*j + 18. Calculate the highest common factor of f and 9.
9
Let o = -10 - -20. Let g be -225*(22/o + -3). Calculate the greatest common factor of g and 20.
20
Let q be 3 - -5*(18/(-2))/(-1). Calculate the highest common factor of q and 18.
6
Suppose -6*k + 7*k - 1 = 0. What is the greatest common divisor of k and 8?
1
Suppose 2*f - 8 = 0, i + 0*f - 22 = 2*f. Let j be (330/7)/((2/(-1))/(-14)). What is the greatest common factor of i and j?
30
Let g = 191 - 386. Let u be (6 - 3 - g)*5. Let z be (u/(-27))/((-2)/6). What is the highest common divisor of z and 10?
10
Let g = 101 + -29. What is the greatest common factor of g and 8?
8
Suppose -5*m + 2 = -558. What is the highest common factor of m and 28?
28
Let r be ((-69)/21 + 5)/(2/28). Let j be -2 + 60 + 1 - -1. What is the highest common divisor of j and r?
12
Let g = 83 + -47. Let u(v) = -v - 5*v**2 + 4*v**2 - 1 + v**3 - 2*v**3 - 1. Let i be u(-2). Calculate the highest common factor of i and g.
4
Suppose -2*v + 2*o = v - 30, 5*o + 50 = 5*v. What is the highest common factor of 4 and v?
2
Let g = -15 - -8. Let p be (2 + g)*12/(-5). Calculate the greatest common factor of 36 and p.
12
Let d(i) = 39*i**2 + 3*i - 1. Let l be d(2). Calculate the greatest common factor of l and 23.
23
Let a = 550 - 382. Calculate the highest common factor of 42 and a.
42
Suppose -3*b + 15 = 0, 3*b = -6*f + f + 45. Let g = -33 + 49. Suppose -g = -5*t + 254. What is the highest common factor of t and f?
6
Let y = -2 - -5. Let s be 646/8 + y/(-4). Let w be ((-40)/12)/((-1)/3). Calculate the highest common divisor of s and w.
10
Let t(o) be the second derivative of -o**5/4 + o**4/12 + o**3/3 + o**2/2 - o. Let h be t(-1). What is the highest common factor of 35 and h?
5
Let a(g) = -2*g - 2. Let d be a(-5). Let m be d/10*(-55)/(-2). What is the greatest common factor of m and 2?
2
Let z = -39 - -159. Let t = z - 70. Calculate the greatest common factor of t and 20.
10
Let x = -66 - -168. Suppose -3*v + x = 3*u, 5*u + v - 176 = 2*v. What is the highest common factor of u and 5?
5
Let x = -20 - -14. Let u be x/21 - 290/(-35). Calculate the highest common factor of 4 and u.
4
Suppose 2 = 4*k + 2*p - 0*p, 4*k - p = 11. Let n be ((-2)/5)/((-3)/15). Suppose -5*h = -7 + n. Calculate the greatest common factor of h and k.
1
Suppose -3*j = -2*c - 7, -4*c - 1 = -5. Suppose 38 = 4*o - 2*l, -l - 2*l - 21 = -j*o. Suppose 0 = -b - 16 + 100. What is the highest common factor of o and b?
12
Suppose 2 = -d + 3. Suppose 4*u - d = 47. Calculate the greatest common factor of 96 and u.
12
Let c = 49 - 10. Calculate the greatest common divisor of 78 and c.
39
Let m = 6 - -8. Let s be (-2 - 1)/(3/(-177)). Suppose -s = -5*x - 5*l + 433, 3*x = -2*l + 370. Calculate the greatest common divisor of x and m.
14
Let w = -52 - -62. Let x(y) = -y + 30. Let i be x(0). What is the highest common factor of i and w?
10
Let l = 13 + -8. Let j be 2/l - 352/(-20). Let i(w) = w**2 + w - 4. Let u be i(-3). Calculate the highest common divisor of j and u.
2
Suppose 246 = 4*x + 5*s, -6*x + 2*x + 266 = -5*s. What is the greatest common factor of x and 16?
16
Suppose 7*o - 4*o = 21. Suppose 0 = -2*b + 1 - o, 0 = y + 3*b - 81. Let d be (-12)/(-9)*30/4. What is the greatest common factor of d and y?
10
Suppose 0 = -4*i + 3*j + 62, 0 = -4*j - 13 + 5. Let k be i/3 - (-4)/(-6). Let n = -5 - -21. Calculate the highest common factor of n and k.
4
Let d be (-61)/(-4) - (-6)/8. What is the greatest common factor of d and 4?
4
Let q = -195 + 279. What is the highest common divisor of q and 56?
28
Suppose 2*x + 3*x + l = -294, 239 = -4*x + 3*l. Let d = -32 - x. Calculate the highest common factor of 189 and d.
27
Let p(x) = x**2 + 8*x + 5. Let d be p(-8). Let u = -4 + d. What is the highest common divisor of u and 1?
1
Suppose -3*x = 7 + 2. Let a be (0 - -39) + x/(-3). Calculate the highest common divisor of a and 8.
8
Let j(x) = -2*x - 8. Let w be j(-18). What is the greatest common factor of 70 and w?
14
Suppose 3*t - 4 + 1 = 0. Let n(o) = 3*o. Let r be n(t). Suppose k + 0*k = r. Calculate the highest common divisor of k and 2.
1
Suppose 0 = 5*y + 5*g - 540, -g = 4*y + 4*g - 428. Calculate the highest common factor of 16 and y.
16
Let a = -21 - -40. Let g(l) = l**2 - 11*l + 7. Suppose 0*t + 4*t = 48. Let o be g(t). What is the highest common factor of o and a?
19
Let s be 0 - ((-3)/1 + 0). Let o be (-1)/(1*(-3)/99). Calculate the greatest common factor of o and s.
3
Let f be 4/20 - 4/(-5). Let a be (2 - f)/(-2 - -3). Calculate the greatest common factor of a and 9.
1
Let w(t) = 60*t - 7. Let u be w(3). Suppose -5*j = -2*f - u, -5*j - 3*f + 96 = -57. Let q = 52 + -30. What is the greatest common factor of q and j?
11
Let k(x) = 8*x**2 + 4*x + 2. Let v be k(-2). Let u = -5 - -3. Let q be (-2)/(-4 - u)*39. What is the highest common divisor of v and q?
13
Let a(g) = -g**2 - 13*g - 13. Let w be a(-11). Let i be 0/(2 - (0 + 1)). Suppose 36 = -i*u + u. Calculate the greatest common divisor of w and u.
9
Suppose 0 = -h - 2*h + 33. Suppose 2*m = 2*p, m = -5*p - 2 - 10. Let u = p - -3. What is the highest common factor of h and u?
1
Let j be 1*10*4/(4/1). Let k be (2 - 1) + (20 - 1). Calculate the greatest common divisor of j and k.
10
Let t(s) = -s**3 - 3*s**2 + 8*s + 6. Let d be t(-5). What is the greatest common factor of d and 112?
16
Let k be (-128)/(-22) - (-16)/88. Calculate the greatest common divisor of 18 and k.
6
Suppose 2*n = n + 1. Let t(m) = m**2 - 4*m - 12. Let s be t(6). Let d be (4 + -2)*(4 - s). Calculate the greatest common divisor of n and d.
1
Suppose -6 = -b - b. Suppose -139 = -3*t - b*n + n, 5*n = 3*t - 125. Calculate the greatest common divisor of t and 5.
5
Let h(w) = w**3 - 11*w**2 + 11*w - 10. Let z be h(10). Suppose -3*c + 26 + 1 = z. What is the greatest common factor of c and 9?
9
Let m(q) = 23*q + 3. Suppose -4*h = 4*n - 24, -3*n = 6*h - h - 22. Let v be m(n). What is the greatest common factor of 38 and v?
19
Let o be -14*(7 + (0 - 0)). Let v = -64 - o. Let q = 9 + 8. Calculate the highest common divisor of q and v.
17
Suppose -3*q + 4*v = -19, -15*q = -10*q - 2*v - 27. What is the greatest common factor of 45 and q?
5
Let g(c) = -c**2 - 11*c - 18. Let a be g(-8). Calculate the greatest common factor of 54 and a.
6
Suppose 112 = 4*q - 116. Suppose 2*g = -g + q. What is the highest common factor of g and 95?
19
Let n(x) = -3*x + 8. Let f be n(5). Let g(y) = -y**3 - 4*y**2 + 2*y - 7. Let o be g(f). What is the greatest common divisor of o and 18?
18
Suppose -84 = -12*z + 12. Let o(l) = -8*l. Let w be o(-1). What is the greatest common divisor of z and w?
8
Let q = -38 + 63. Let l = 22 + -17. Calculate the greatest common factor of q and l.
5
Let a(f) = 2*f**2 + 2*f - 1. Let j be a(1). Suppose 0 = 3*d + 3*p - 39, j*d - 19 = -p + 12. What is the greatest common factor of 72 and d?
9
Let b be -31*2*(-33)/6. What is the highest common divisor of b and 31?
31
Suppose 3*t - 63 = z, -5*t + 122 = 5*z - 3. Suppose -5*i + 4 = -6. Suppose 0 = 3*r + 1 + 2, h - 53 = -i*r. Calculate the highest common factor of h and t.
11
Suppose 2*b + 4*b - 144 = 0. What is the greatest common factor of b and 120?
24
Let c = 42 - 22. What is the greatest common divisor of 30 and c?
10
Let d be 14 + -11 - (-1 - 12). Calculate the greatest common factor of 176 and d.
16
Let m(f) = -f - 2. Let a be m(-2). Let n be a/((-3)/(-1)) - -48. What is the greatest common divisor of n and 12?
12
Suppose -1 - 1 = -r + 3*w, -2*r + 1 = -3*w. Let d be 8/(r + -2 + 4). Let l = -146 - -218. What is the greatest common divisor of d and l?
8
Suppose -2*z + f = -35, 0 = -f + 3 + 2. Suppose -5*r = -2*r + 27. Let w be ((-6)/(-5))/(r/(-60)). What is the highest common divisor of w and z?
4
Let z(s) = -s**3 - 16*s**2 + 16*s - 15. Let r be z(-17). Suppose r*v - 16 = 28. Calculate the greatest common divisor of 33 and v.
11
Let y be 462/49 - 3/7. Calculate the greatest common divisor of 126 and y.
9
Let q(n) = 2*n**3 + n**2 + 2*n + 1. Let j be q(-2). Let s be (40/j)/(1/(-3)). Calculate the highest common divisor of s and 1.
1
Suppose -11 = -2*k + 5*t, 0*k + 2*k + t - 17 = 0. What is the highest common divisor of 24 and k?
8
Suppose -p = -2*j + 2, -2*j - 4 = -7*j + 